{"id":942,"date":"2016-06-27T20:31:53","date_gmt":"2016-06-27T20:31:53","guid":{"rendered":"http:\/\/divisionesymodularesojeda.com\/oficinas-barranquilla\/producto\/sillas-interlocutora-orion\/"},"modified":"2016-06-27T20:37:02","modified_gmt":"2016-06-27T20:37:02","slug":"sillas-interlocutora-orion","status":"publish","type":"product","link":"https:\/\/divisionesymodularesojeda.com\/oficinas-barranquilla\/producto\/sillas-interlocutora-orion\/","title":{"rendered":"Sillas Interlocutoras Ori\u00f3n"},"content":{"rendered":"","protected":false},"excerpt":{"rendered":"<p>Sillas en pl\u00e1stico de alta resistencia, variedad de colores, tuber\u00eda ovalada, pintura electrost\u00e1tica al horno color negro.<\/p>\n","protected":false},"featured_media":943,"template":"","meta":[],"product_brand":[],"product_cat":[30],"product_tag":[16],"class_list":{"0":"post-942","1":"product","2":"type-product","3":"status-publish","4":"has-post-thumbnail","6":"product_cat-sillas-interlocutoras","7":"product_tag-sillas","9":"first","10":"instock","11":"shipping-taxable","12":"product-type-simple"},"_links":{"self":[{"href":"https:\/\/divisionesymodularesojeda.com\/oficinas-barranquilla\/wp-json\/wp\/v2\/product\/942","targetHints":{"allow":["GET"]}}],"collection":[{"href":"https:\/\/divisionesymodularesojeda.com\/oficinas-barranquilla\/wp-json\/wp\/v2\/product"}],"about":[{"href":"https:\/\/divisionesymodularesojeda.com\/oficinas-barranquilla\/wp-json\/wp\/v2\/types\/product"}],"wp:featuredmedia":[{"embeddable":true,"href":"https:\/\/divisionesymodularesojeda.com\/oficinas-barranquilla\/wp-json\/wp\/v2\/media\/943"}],"wp:attachment":[{"href":"https:\/\/divisionesymodularesojeda.com\/oficinas-barranquilla\/wp-json\/wp\/v2\/media?parent=942"}],"wp:term":[{"taxonomy":"product_brand","embeddable":true,"href":"https:\/\/divisionesymodularesojeda.com\/oficinas-barranquilla\/wp-json\/wp\/v2\/product_brand?post=942"},{"taxonomy":"product_cat","embeddable":true,"href":"https:\/\/divisionesymodularesojeda.com\/oficinas-barranquilla\/wp-json\/wp\/v2\/product_cat?post=942"},{"taxonomy":"product_tag","embeddable":true,"href":"https:\/\/divisionesymodularesojeda.com\/oficinas-barranquilla\/wp-json\/wp\/v2\/product_tag?post=942"}],"curies":[{"name":"wp","href":"https:\/\/api.w.org\/{rel}","templated":true}]}}

Sillas Interlocutoras Orión

<p>Sillas en plástico de alta resistencia, variedad de colores, tubería ovalada, pintura electrostática al horno color negro.</p>
