{"id":1452,"date":"2022-02-19T11:38:09","date_gmt":"2022-02-19T16:38:09","guid":{"rendered":"https:\/\/divisionesymodularesojeda.com\/oficinas-barranquilla\/?post_type=product&#038;p=1452"},"modified":"2022-02-19T11:43:34","modified_gmt":"2022-02-19T16:43:34","slug":"sillas-escolar-isosceles","status":"publish","type":"product","link":"https:\/\/divisionesymodularesojeda.com\/oficinas-barranquilla\/producto\/sillas-escolar-isosceles\/","title":{"rendered":"Sillas Escolar Isosceles"},"content":{"rendered":"","protected":false},"excerpt":{"rendered":"<p>Asiento y espaldar tapizado en pa\u00f1o, variedad de colores, tuber\u00eda ovalada, pintura electrost\u00e1tica al horno color. gris o negro.<br \/>\nAltura al asiento 36 cms y total 66 cms.<\/p>\n","protected":false},"featured_media":1453,"template":"","meta":[],"product_brand":[],"product_cat":[20],"product_tag":[16],"class_list":{"0":"post-1452","1":"product","2":"type-product","3":"status-publish","4":"has-post-thumbnail","6":"product_cat-linea-educacion","7":"product_tag-sillas","9":"first","10":"instock","11":"shipping-taxable","12":"product-type-simple"},"_links":{"self":[{"href":"https:\/\/divisionesymodularesojeda.com\/oficinas-barranquilla\/wp-json\/wp\/v2\/product\/1452","targetHints":{"allow":["GET"]}}],"collection":[{"href":"https:\/\/divisionesymodularesojeda.com\/oficinas-barranquilla\/wp-json\/wp\/v2\/product"}],"about":[{"href":"https:\/\/divisionesymodularesojeda.com\/oficinas-barranquilla\/wp-json\/wp\/v2\/types\/product"}],"wp:featuredmedia":[{"embeddable":true,"href":"https:\/\/divisionesymodularesojeda.com\/oficinas-barranquilla\/wp-json\/wp\/v2\/media\/1453"}],"wp:attachment":[{"href":"https:\/\/divisionesymodularesojeda.com\/oficinas-barranquilla\/wp-json\/wp\/v2\/media?parent=1452"}],"wp:term":[{"taxonomy":"product_brand","embeddable":true,"href":"https:\/\/divisionesymodularesojeda.com\/oficinas-barranquilla\/wp-json\/wp\/v2\/product_brand?post=1452"},{"taxonomy":"product_cat","embeddable":true,"href":"https:\/\/divisionesymodularesojeda.com\/oficinas-barranquilla\/wp-json\/wp\/v2\/product_cat?post=1452"},{"taxonomy":"product_tag","embeddable":true,"href":"https:\/\/divisionesymodularesojeda.com\/oficinas-barranquilla\/wp-json\/wp\/v2\/product_tag?post=1452"}],"curies":[{"name":"wp","href":"https:\/\/api.w.org\/{rel}","templated":true}]}}

<p>Asiento y espaldar tapizado en paño, variedad de colores, tubería ovalada, pintura electrostática al horno color. gris o negro.<br />
Altura al asiento 36 cms y total 66 cms.</p>
